{"id":19,"date":"2024-05-03T14:55:41","date_gmt":"2024-05-03T14:55:41","guid":{"rendered":"https:\/\/bodrumdogalkayraktasi.com\/?page_id=19"},"modified":"2024-05-07T10:55:19","modified_gmt":"2024-05-07T10:55:19","slug":"kurumsal","status":"publish","type":"page","link":"https:\/\/bodrumdogalkayraktasi.com\/?page_id=19","title":{"rendered":"Kurumsal"},"content":{"rendered":"\t\t<div data-elementor-type=\"wp-page\" data-elementor-id=\"19\" class=\"elementor elementor-19\" data-elementor-post-type=\"page\">\n\t\t\t\t\t\t<section class=\"elementor-section elementor-top-section elementor-element elementor-element-238a300 elementor-section-boxed elementor-section-height-default elementor-section-height-default\" data-id=\"238a300\" data-element_type=\"section\" data-e-type=\"section\" data-settings=\"{&quot;background_background&quot;:&quot;gradient&quot;}\">\n\t\t\t\t\t\t<div class=\"elementor-container elementor-column-gap-no\">\n\t\t\t\t\t<div class=\"elementor-column elementor-col-100 elementor-top-column elementor-element elementor-element-34806a2\" data-id=\"34806a2\" data-element_type=\"column\" data-e-type=\"column\">\n\t\t\t<div class=\"elementor-widget-wrap elementor-element-populated\">\n\t\t\t\t\t\t<section class=\"elementor-section elementor-inner-section elementor-element elementor-element-b3139d4 elementor-section-boxed elementor-section-height-default elementor-section-height-default\" data-id=\"b3139d4\" data-element_type=\"section\" data-e-type=\"section\" data-settings=\"{&quot;background_background&quot;:&quot;classic&quot;}\">\n\t\t\t\t\t\t<div class=\"elementor-container elementor-column-gap-default\">\n\t\t\t\t\t<div class=\"elementor-column elementor-col-100 elementor-inner-column elementor-element elementor-element-e187acc\" data-id=\"e187acc\" data-element_type=\"column\" data-e-type=\"column\">\n\t\t\t<div class=\"elementor-widget-wrap elementor-element-populated\">\n\t\t\t\t\t\t<div class=\"elementor-element elementor-element-7d9d845 elementor-widget elementor-widget-theme-post-title elementor-page-title elementor-widget-heading\" data-id=\"7d9d845\" data-element_type=\"widget\" data-e-type=\"widget\" data-widget_type=\"theme-post-title.default\">\n\t\t\t\t<div class=\"elementor-widget-container\">\n\t\t\t\t\t<h1 class=\"elementor-heading-title elementor-size-default\">Kurumsal<\/h1>\t\t\t\t<\/div>\n\t\t\t\t<\/div>\n\t\t\t\t\t<\/div>\n\t\t<\/div>\n\t\t\t\t\t<\/div>\n\t\t<\/section>\n\t\t\t\t\t<\/div>\n\t\t<\/div>\n\t\t\t\t\t<\/div>\n\t\t<\/section>\n\t\t\t\t<section class=\"elementor-section elementor-top-section elementor-element elementor-element-e3cef2f elementor-section-boxed elementor-section-height-default elementor-section-height-default\" data-id=\"e3cef2f\" data-element_type=\"section\" data-e-type=\"section\">\n\t\t\t\t\t\t<div class=\"elementor-container elementor-column-gap-default\">\n\t\t\t\t\t<div class=\"elementor-column elementor-col-50 elementor-top-column elementor-element elementor-element-8afa4f4\" data-id=\"8afa4f4\" data-element_type=\"column\" data-e-type=\"column\">\n\t\t\t<div class=\"elementor-widget-wrap elementor-element-populated\">\n\t\t\t\t\t\t<div class=\"elementor-element elementor-element-e8f5323 elementor-widget elementor-widget-image\" data-id=\"e8f5323\" data-element_type=\"widget\" data-e-type=\"widget\" data-widget_type=\"image.default\">\n\t\t\t\t<div class=\"elementor-widget-container\">\n\t\t\t\t\t\t\t\t\t\t\t\t\t\t\t<img fetchpriority=\"high\" decoding=\"async\" width=\"768\" height=\"1024\" src=\"https:\/\/bodrumdogalkayraktasi.com\/wp-content\/uploads\/2024\/05\/WhatsApp-Image-2023-08-24-at-00.25.53-1-1.jpeg\" class=\"attachment-full size-full wp-image-559\" alt=\"\" srcset=\"https:\/\/bodrumdogalkayraktasi.com\/wp-content\/uploads\/2024\/05\/WhatsApp-Image-2023-08-24-at-00.25.53-1-1.jpeg 768w, https:\/\/bodrumdogalkayraktasi.com\/wp-content\/uploads\/2024\/05\/WhatsApp-Image-2023-08-24-at-00.25.53-1-1-225x300.jpeg 225w\" sizes=\"(max-width: 768px) 100vw, 768px\" \/>\t\t\t\t\t\t\t\t\t\t\t\t\t\t\t<\/div>\n\t\t\t\t<\/div>\n\t\t\t\t\t<\/div>\n\t\t<\/div>\n\t\t\t\t<div class=\"elementor-column elementor-col-50 elementor-top-column elementor-element elementor-element-ac10fac\" data-id=\"ac10fac\" data-element_type=\"column\" data-e-type=\"column\">\n\t\t\t<div class=\"elementor-widget-wrap elementor-element-populated\">\n\t\t\t\t\t\t<div class=\"elementor-element elementor-element-cb35b20 elementor-widget elementor-widget-text-editor\" data-id=\"cb35b20\" data-element_type=\"widget\" data-e-type=\"widget\" data-widget_type=\"text-editor.default\">\n\t\t\t\t<div class=\"elementor-widget-container\">\n\t\t\t\t\t\t\t\t\t1980 senesinde hizmet vermeye ba\u015flad\u0131g\u0131m\u0131z maden oca\u011f\u0131 i\u015fletmemizde, ilk g\u00fcnden beri amac\u0131m\u0131z kaliteli ve g\u00fcvenli ticaret yapmak ayn\u0131 zamanda m\u00fc\u015fteri memnuniyetini ve sipari\u015flerini istekleri do\u011frultusunda en h\u0131zl\u0131 ve do\u011fru \u015fekilde yerine getirmek, bug\u00fcn ge\u00e7mi\u015fe do\u011fru d\u00f6n\u00fcp bakt\u0131g\u0131m\u0131zda bu gayemize ula\u015ft\u0131g\u0131m\u0131z\u0131 g\u00f6rmekteyiz. Sekt\u00f6rde kalitesini ispat etmi\u015f olan Bodrum Do\u011fal Kayrak Ta\u015f\u0131m\u0131z ba\u015fta T\u00fcrkiyenin t\u00fcm illerine olmak \u00fczere yurtd\u0131\u015f\u0131 \u00fclkelerinden \u0130ran, Azerbaycan, Irak, G\u00fcrcistan, Almanya, \u0130srail, ABD gibi \u00fclkelerede teslimat\u0131 yap\u0131lmaktad\u0131r.\n<br><br>\nPeki bodrum do\u011fal kayrak ta\u015f\u0131n\u0131n bu kadar fazla talep g\u00f6rmesini ve kalitesini neye ba\u011flayabiliriz.\nBa\u015fta s\u00f6ylemek gerekirki kullan\u0131m alanlar\u0131 \u00e7ok fazlad\u0131r, bina i\u00e7 ve d\u0131\u015f cepheleri, park, bah\u00e7e, y\u00fcr\u00fcme yollar\u0131 ara\u00e7 yollar\u0131, merdiven basamaklar\u0131, bah\u00e7e duvar\u0131, \u015f\u00f6mine, barbek\u00fc, f\u0131r\u0131n, baca gibi farkl\u0131 alanlarda kullanabilir olmas\u0131.\n<br><br>\nT\u00fcm bunlar\u0131n yan\u0131nda bodrum kayrak ta\u015f\u0131n\u0131 dekoratif bir \u00fcr\u00fcn olmas\u0131 ve uygunland\u0131g\u0131 yere estetiklik katmas\u0131, tamamen do\u011fal olmas\u0131, \u00e7ok uzun \u00f6m\u00fcrl\u00fc olmas\u0131, do\u011fal bir \u00fcr\u00fcn oldu\u011fu i\u00e7in yal\u0131t\u0131ml\u0131 olmas\u0131 uyguland\u0131g\u0131 binalarda yaz\u0131n serin olmas\u0131 k\u0131\u015f\u0131n oda s\u0131cakl\u0131g\u0131n\u0131 koruyabilmesi,bodrum kayrak ta\u015f\u0131n\u0131n rahat uygulanabilir olmas\u0131 i\u015f\u00e7iliginin kolay olmas\u0131, do\u011fal bir \u00fcr\u00fcn oldugu i\u00e7in bak\u0131m\u0131n\u0131n \u00e7ok kolay olmas\u0131 veya istege bagl\u0131 olarak hi\u00e7 bak\u0131m yap\u0131lmamas\u0131 bu daha y\u0131llanm\u0131\u015f ve do\u011fal bir g\u00f6r\u00fcn\u00fcme sebep olabilir. T\u00fcm bu nedenler bodrum kayrak ta\u015f\u0131n\u0131 talep g\u00f6ren bir kayrak ta\u015f\u0131 haline getiriyor. T\u00fcm bu g\u00fczellikleri size ve sevdiklerinize sa\u011flamak i\u00e7in tecr\u00fcbeli ekibimizle var g\u00fcc\u00fcm\u00fczle \u00e7al\u0131\u015fmaya devam ediyoruz.\t\t\t\t\t\t\t\t<\/div>\n\t\t\t\t<\/div>\n\t\t\t\t<section class=\"elementor-section elementor-inner-section elementor-element elementor-element-057a4ea elementor-section-boxed elementor-section-height-default elementor-section-height-default\" data-id=\"057a4ea\" data-element_type=\"section\" data-e-type=\"section\">\n\t\t\t\t\t\t<div class=\"elementor-container elementor-column-gap-default\">\n\t\t\t\t\t<div class=\"elementor-column elementor-col-50 elementor-inner-column elementor-element elementor-element-0996d64\" data-id=\"0996d64\" data-element_type=\"column\" data-e-type=\"column\">\n\t\t\t<div class=\"elementor-widget-wrap elementor-element-populated\">\n\t\t\t\t\t\t<div class=\"elementor-element elementor-element-c07079b elementor-widget elementor-widget-heading\" data-id=\"c07079b\" data-element_type=\"widget\" data-e-type=\"widget\" data-widget_type=\"heading.default\">\n\t\t\t\t<div class=\"elementor-widget-container\">\n\t\t\t\t\t<h2 class=\"elementor-heading-title elementor-size-default\">Vizyonumuz<\/h2>\t\t\t\t<\/div>\n\t\t\t\t<\/div>\n\t\t\t\t<div class=\"elementor-element elementor-element-63b7d42 elementor-widget elementor-widget-text-editor\" data-id=\"63b7d42\" data-element_type=\"widget\" data-e-type=\"widget\" data-widget_type=\"text-editor.default\">\n\t\t\t\t<div class=\"elementor-widget-container\">\n\t\t\t\t\t\t\t\t\t<ul><li>Daima giri\u015fimci, yenilik\u00e7i ve geli\u015fime a\u00e7\u0131k kimli\u011fimizle kendimizi yenileyerek \u00fcretim kalitesini y\u00fckseltmek,<\/li><li>M\u00fc\u015fteri memnuniyetini sa\u011flamak ve kal\u0131c\u0131 dostlu\u011fa d\u00f6n\u00fc\u015ft\u00fcrerek, samimi, g\u00fcvenilir, profesyonel bir hizmet sunmak.<\/li><\/ul>\t\t\t\t\t\t\t\t<\/div>\n\t\t\t\t<\/div>\n\t\t\t\t\t<\/div>\n\t\t<\/div>\n\t\t\t\t<div class=\"elementor-column elementor-col-50 elementor-inner-column elementor-element elementor-element-ba530a2\" data-id=\"ba530a2\" data-element_type=\"column\" data-e-type=\"column\">\n\t\t\t<div class=\"elementor-widget-wrap elementor-element-populated\">\n\t\t\t\t\t\t<div class=\"elementor-element elementor-element-8f3292e elementor-widget elementor-widget-heading\" data-id=\"8f3292e\" data-element_type=\"widget\" data-e-type=\"widget\" data-widget_type=\"heading.default\">\n\t\t\t\t<div class=\"elementor-widget-container\">\n\t\t\t\t\t<h2 class=\"elementor-heading-title elementor-size-default\">Misyonumuz<\/h2>\t\t\t\t<\/div>\n\t\t\t\t<\/div>\n\t\t\t\t<div class=\"elementor-element elementor-element-41c58b8 elementor-widget elementor-widget-text-editor\" data-id=\"41c58b8\" data-element_type=\"widget\" data-e-type=\"widget\" data-widget_type=\"text-editor.default\">\n\t\t\t\t<div class=\"elementor-widget-container\">\n\t\t\t\t\t\t\t\t\t<ul><li>Bu sekt\u00f6r\u00fcndeki geli\u015fmeleri takip etmek ve bu geli\u015fmelere katk\u0131da bulunmak,<\/li><li>M\u00fchendislik ve y\u00f6netim bilimlerindeki en son teknolojik olanaklar kullan\u0131larak daima y\u00fcksek kalite standartlar\u0131nda geli\u015fen teknolojileriyle uygun \u00fcr\u00fcnler \u00fcretmek,<\/li><li>D\u00fcnya standartlar\u0131nda geli\u015fen sekt\u00f6rel teknolojileri takip ederek \u00f6rnek projeler \u00fcretmek,<\/li><\/ul>\t\t\t\t\t\t\t\t<\/div>\n\t\t\t\t<\/div>\n\t\t\t\t\t<\/div>\n\t\t<\/div>\n\t\t\t\t\t<\/div>\n\t\t<\/section>\n\t\t\t\t\t<\/div>\n\t\t<\/div>\n\t\t\t\t\t<\/div>\n\t\t<\/section>\n\t\t\t\t<\/div>\n\t\t","protected":false},"excerpt":{"rendered":"<p>1980 senesinde hizmet vermeye ba\u015flad\u0131g\u0131m\u0131z maden oca\u011f\u0131 i\u015fletmemizde, ilk g\u00fcnden beri amac\u0131m\u0131z kaliteli ve g\u00fcvenli ticaret yapmak ayn\u0131 zamanda m\u00fc\u015fteri memnuniyetini ve sipari\u015flerini istekleri do\u011frultusunda en h\u0131zl\u0131 ve do\u011fru \u015fekilde&#8230;<\/p>\n","protected":false},"author":1,"featured_media":0,"parent":0,"menu_order":0,"comment_status":"closed","ping_status":"closed","template":"elementor_header_footer","meta":{"footnotes":""},"class_list":["post-19","page","type-page","status-publish"],"_links":{"self":[{"href":"https:\/\/bodrumdogalkayraktasi.com\/index.php?rest_route=\/wp\/v2\/pages\/19","targetHints":{"allow":["GET"]}}],"collection":[{"href":"https:\/\/bodrumdogalkayraktasi.com\/index.php?rest_route=\/wp\/v2\/pages"}],"about":[{"href":"https:\/\/bodrumdogalkayraktasi.com\/index.php?rest_route=\/wp\/v2\/types\/page"}],"author":[{"embeddable":true,"href":"https:\/\/bodrumdogalkayraktasi.com\/index.php?rest_route=\/wp\/v2\/users\/1"}],"replies":[{"embeddable":true,"href":"https:\/\/bodrumdogalkayraktasi.com\/index.php?rest_route=%2Fwp%2Fv2%2Fcomments&post=19"}],"version-history":[{"count":0,"href":"https:\/\/bodrumdogalkayraktasi.com\/index.php?rest_route=\/wp\/v2\/pages\/19\/revisions"}],"wp:attachment":[{"href":"https:\/\/bodrumdogalkayraktasi.com\/index.php?rest_route=%2Fwp%2Fv2%2Fmedia&parent=19"}],"curies":[{"name":"wp","href":"https:\/\/api.w.org\/{rel}","templated":true}]}}